8
What is the value of (10 - -4) + (-53 - 20 - (0 + -6))?
-53
What is (45 - (-31 - -33 - 19)) + -44?
18
-5 - (28 + -26 + (13 - 0) - 10) - -21
11
Calculate -94 - -3 - (-59 + 12 - -59).
-103
What is 83 - (263 + -271 + (26 - -2 - 2))?
65
Calculate (1 - (2 - 4) - -106 - (649 - 649)) + -4.
105
-27 + 63 - (-6 - (-7 + -5))
30
What is the value of (-68 - (6 - ((-30 - -11) + 12) - 13)) + 15?
-53
What is the value of (-71 + 33 - -8) + 92?
62
Evaluate -43 - -3 - (6 - 20).
-26
0 + 3 - (23 - (13 + 16)) - -55
64
Evaluate 85 + -21 - (-111 - -223).
-48
-25 - (11 + (-126 - 7) + (82 - 85))
100
What is the value of 0 + (14 + -4 - -10 - (4 + 122))?
-106
What is 3 + 5 - ((1 - (-29 + 14)) + -14)?
6
-8 - -108 - 33 - 31
36
What is the value of -71 + 114 + -8 + (6 - 18)?
23
Calculate -51 + (82 - -22) - 13.
40
Evaluate (30 - (34 - 39)) + -22 + -95.
-82
-11 - (2 + -8) - -38 - (-16 + -1)
50
Calculate -14 + -1 + (-1 - 22) + -277 + 399 - -5.
89
What is -44 + (56 - 55) - 19?
-62
What is the value of (-51 - (158 + -187)) + 16 + -3 + 2?
-7
What is -8 + (48 - 40) + (-6 - -4) + -24?
-26
What is -144 - ((-127 - -76) + 24)?
-117
What is (-3 - (2 + 0) - (4 + -9)) + (127 - 126)?
1
Evaluate -2 + -52 + (0 - 16 - (-30 - 4)).
-36
What is (71 - 4) + (-1 + (28 + -16 - 17) - -2)?
63
What is 22 - 6 - (4 + 21 + -5)?
-4
Calculate (-35 - (86 + -77 + -73)) + 1 + -15.
15
What is -20 - 0 - (12 + -2 - (5 + 110 - 115))?
-30
3 + 0 + 59 + (-13 - (28 + -8 + -23))
52
What is the value of (17 - (-4 - ((-7 - -5) + -8) - 1)) + 3?
15
Calculate (76 - 31) + -40 + 8.
13
Evaluate (39 - 13 - (31 + -20)) + -16.
-1
What is -15 + (29 - 1) - 11 - (64 + -2)?
-60
What is the value of -63 + (263 - 165) - (1 + -18)?
52
What is (8 - -14) + -3 - 27 - -29?
21
What is the value of -2054 + 2024 + (2 - -28)?
0
29 + 27 + (50 - 24) + 9 + 0 + 14
105
Evaluate 25 + (-6 - 4) + 24 + -14 + 2.
27
What is the value of -86 + (11 - (-11 - -19 - (-4 + 14)))?
-73
What is the value of 10 - (-17 - 3 - (7 - 9))?
28
(47 + -2 - 91) + (-5 - -16)
-35
Evaluate 16 - (76 + -45 + -66).
51
Calculate -1 + 127 - 175 - (0 + (5 - 2) + -3).
-49
What is the value of -1 + -39 + (1 - 0) - (329 + (-658 - -338))?
-48
-15 + -52 + 91 + -118
-94
-20 - -1 - (-132 + 125) - -36
24
What is the value of -5 + -4 + 19 - (-320 + 294)?
36
What is the value of 6 + -7 + (616 - 615) + (-1 - -128)?
127
-117 - -46 - -35 - -73
37
Evaluate (-13 - 2) + (47 - 32) + (6 - 13) - -77.
70
31 + (-78 - -12) + -1 + -1 - 1
-38
Evaluate 288 + -236 + (-16 - -53 - 14).
75
Calculate -1 + 2 + -8 + (1944 - 1934) + (0 - -9).
12
What is -4 + (-4 - (23 - 23)) - 22?
-30
Calculate 9 + -31 - 146 - -30.
-138
Calculate 3 - 19 - (-12 + 6 + -6).
-4
Calculate 134 + -69 - 99 - -68.
34
What is -8 + 5 + -14 - (370 + -345)?
-42
What is the value of -10096 + 10165 - (2 + 79)?
-12
Calculate 33932 + -33903 + (0 - 1) + -69.
-41
What is the value of (-20 - (29 + -85)) + 36?
72
77 - 10 - (50 + 13)
4
28 + (3 - -2 - 33) + 27
27
Calculate -47 + 36 - 0 - -55 - 116.
-72
What is the value of 59 + (10 - 105 - -53)?
17
-5 - 20 - ((-1 - 4) + (17 - 46) + 37)
-28
What is -150 + 161 - (4 - 9 - (-2 + -2) - 67)?
79
15 + 0 + -11 - 6 - (1 - -12)
-15
What is the value of -1 + (-37 + 28 - 51)?
-61
Evaluate (-8611 - -8723) + -35 + 2.
79
What is -8 - (-16 - (3 - 15) - -8) - -27?
15
What is -45 + 27 + (-22 - -17) + 78?
55
Calculate 40 + (-80 - 34) + 84.
10
Calculate -13 - -1 - (-12 + -6 + 3) - -42.
45
Evaluate 56 - (51 + -103 - -130).
-22
What is 33441 + -33499 - (0 - -28)?
-86
What is -18 + 1 + (20 - (-44 - -103))?
-56
What is the value of 63 - ((9 - -10) + -75 - -32)?
87
What is the value of (283 + -246 - (7 - -86)) + -2?
-58
1 - 152 - (-23620 - -23490)
-21
What is the value of 2 + -33 + 16 - (-13 - 0 - -37)?
-39
Calculate 1 + -23 + 34 - -74 - (2 + -1 - -4).
81
What is the value of -2 - 3 - (-16 + (19 - -30)) - 0?
-38
Evaluate (9 - -8) + (-18 - -12) + 40.
51
What is (-2604 - -2596) + (1 - (3 + -8 + 2 - -40))?
-44
What is the value of (3 - -2) + 27 + 4356 + -4411?
-23
What is the value of -23 - (-19 + 21 + (-3 - -3))?
-25
Evaluate (-15 - (-1 + 10 + 91 + -100)) + -39.
-54
What is the value of 67 + 73 + -149 - (1 - 61 - -1)?
50
What is (-348 - -324) + (5 - (-7 + -104)) + -1 + 3?
94
(0 - -1 - -1) + 8 + 5 + 14 + -39
-10
Evaluate -43 + -21 + (139 - 15) + (3 - -1) + 1.
65
Evaluate 10 - -63 - (3 + -5) - 8 - -5 - -8.
80
What is the value of 25 + (32 + 40 - 91)?
6
What is -10 + -170 + 184 + -15 + 3?
-8
What is -1 + 1 + -24 - (528 + -505)?
-47
8 - (13 + (-65 + 18 - -19))
23
Evaluate (32 - (40 - (9 - -16))) + 78.
95
Evaluate (7 - -1) + 12 - (32 + 45 + 34).
-91
What is 68 - (-22 + -4 + 18)?
76
Evaluate 1535 + -1537 + (2 - (8 - -2) - 1) - 7.
-18
-12 + -5 + 4 + 239 + -252
-26
-4 - (-17 + (-7 - -4)) - 7 - (126 + -86)
-31
Evaluate 29 + 67 + -54 - 72.
-30
What is the value of -14 + (66 - 21) - (28 - -13)?
-10
What is the value of -96 - -110 - (42 + (5 - 4))?
-29
What is the value of -2391 + 2385 + (0 - (0 - -2)) + 52 + -9?
35
Calculate (-50 - (-11 - (14 - -32))) + 0 + 44.
51
What is (3 - 3 - 12) + -55 + 34 + 99?
66
What is -3 - (-20 + (-80 - -36))?
61
What is the value of -177 - -70 - 23 - -77?
-53
Calculate (-156 + 43 - -60) + 2.
-51
What is -4 - (22 + -99 + 50)?
23
Evaluate 0 - (-12 - (-13 + -49)) - -8.
-42
What is the value of (0 - -2) + (-1587 - -1582)?
-3
What is (-153 - -111) + (2 - -4) + -19 + 0?
-55
What is -58 + -183 + 23 + 139?
-79
What is (18 - 21) + (5 - -21) + 1 + 13?
37
What is the value of 2 + (14 - 8) - (32 - 46)?
22
What is the value of (-2 - -3) + -4 + 1 + (6 - 3) + -2?
-1
Calculate (125 - 87) + 33 + -59.
12
What is 31 + (19 - 41) - ((-1 - 0) + 0 - -40)?
-30
What is 46 - (34 + 13 + -8)?
7
Calculate 42 + (82 + 48 - 157).
15
Calculate -74 + (-43 - (17 - 89)).
-45
Calculate 19 - (-117 + 117 - (-4 - -28)).
43
What is 2 + 9 + (-666 - -664)?
9
What is the value of -13 - ((19 - 21 - -50) + -30)?
-31
Calculate 83 + (-3 - 24) - 75.
-19
Evaluate -70 - (-24 - -11) - (1 + 1 - (2 + -2)).
-59
Evaluate (-76 + -92 - -72) + (-14 + -2 - (5 + -8)).
-109
What is (10 + -80 - (-8 + -2 + 3)) + -12 + 0?
-75
Calculate -20 + (35 - (3 + -15)) + -20 - (1 - 49).
55
What is the value of 79 + (96 + -84 - 88)?
3
Calculate (68 - 9) + -47 + 20.
32
Evaluate -12 - (14 - (-24 + 38) - -6).
-18
What is 9 - ((4 - -30) + -27)?
2
Calculate 23 + (24 - 29) + -7 - 55.
-44
What is the value of 111 + -114 + (-62 - (3 - 6) - 1 - -3)?
-60
What is -76 + 26 + -61 + 82?
-29
Calculate (35 - (-4 - -2)) + 1144 + -1161 - 16.
4
-27 - (-96 + 14) - (-9 + -2)
66
77 - 57 - ((-7 - 7) + -22)
56
What is the value of -17 + -115 + -26 - -108?
-50
(13 - 2) + (5 - (13 - 11) - 6) + 6
14
What is 95 + -145 - (-84 + -21)?
55
Calculate (35 - 73) + 9 + 43.
14
Evaluate -25 - ((-39 - 95 - 17) + 9).
117
Calculate 10 + -3 - (-81 + 155 - -42).
-109
17 + -151 + 53 + 46
-35
What is the value of -37 + 59 + -32 - ((-1 - 2) + -2 + -20)?
15
-53 + -15 - (-56 - -29)
-41
Calculate 1049 + -1106 + (-17 - 4).
-78
(5 - 19 - -22) + -2 - 20
-14
What is -102 - (3 - -4 - 8 - 5) - 12?
-108
What is (-6 + (7 - 4) + 31 - 5) + 21 + -12?
32
(-12 - 1) + (183 - 148) + -3 + -5
14
Evaluate (1 - 3) + (-7 - 17 - 1) + (1 - -6).
-20
Evaluate -37 + 5 + -551 + 540.
-43
Evaluate (-3 - -5) + 43 + 753 + -855.
-57
-18 + 97 - (-61 + 208)
-68
Calculate -81 - (-130 + 70) - -23.
2
Evaluate -20 + -3 - (-16 - (17 - (4 - (2 + -31)))).
-23
Calculate 123 + -11 + -37 - 56.
19
What is the value of -23 + 58 + (-44 - -35)?
26
Evaluate -2 + -2 + (9 + -3 + 9 - (-38 - -73)).
-24
What is (-9 - 18) + 13 + 13 - 20?
-21
Evaluate -1 - -17 - (7 - (-19 - -18) - 14).
22
Evaluate 27 + -19 - (73 - (27 + -45)).
-83
What is 46 + (-62 - (-10 - 19)) - (-2 - -1 - -84)?
-70
What is the value of -5 - ((-2 + 21 - 13) + -9 + -1)?
-1
What is the value of -13 + (85 + 2 - (5 + 7))?
62
What is (-333 - -384) + (37 - -2)?
90
What is the value of 2 + -8 + (-225 - -202)?
-29
What is -37 + (106 - ((-25 - -50) + -7))?
51
Calculate (1 - -5) + 3 + -31 + (-46 - -27).
-41
What is the value of 9 - 2 - (6 + (-20 - -58))?
-37
Evaluate (-35 + 66 - 5) + 35 + -6.
55
What is 24 - ((-83 - -55) + 104)?
-52
What is (1 + -33 - -19) + -16?
-29
Calculate -90 + (35 - -18) + 37.
0
What is the value of -7 + 6 + -69 + (16 - 0 - (18 + -14))?
-58
What is -3816 + 3884 + (32 + -5 + 3 - 5)?
93
Evaluate 95 - (-81